te k(y).
3
Let q(k) = -k**2 + 7*k - 7. Let r = 66 - 61. Calculate q(r).
3
Let o(b) = -b + 5. Let l = 3 + 0. Suppose -l = 3*h - 21. Determine o(h).
-1
Let q = 1 - 2. Let d = 2 + 0. Let t(n) = -2*n**d + 1 + 5*n**3 - n + 3*n**2 - 3*n + 6*n. What is t(q)?
-5
Let t(c) = c**2 + 6*c + 4. Let z be t(-6). Let j(i) = 4*i - z + 9*i + 2 - 8*i - 2*i**2. Calculate j(3).
-5
Let d(p) = -p + 1. Let l = 28 + -12. Suppose 0*s = 4*s - l. Give d(s).
-3
Let n(s) be the second derivative of -s**5/20 + 5*s**4/12 - s**3/2 + 3*s**2 - 6*s. Give n(5).
-9
Let t be 14 + (-1 - -2)*2. Let h be 6/(-4)*t/(-6). Let v(r) = -r - 2*r + h*r + 1. Give v(-2).
-1
Let i(f) = 0*f + f - 2*f + 6*f**2. Give i(-1).
7
Let w(h) = 10*h - 2 + 3 - 9*h. Let y = -3 + -1. Determine w(y).
-3
Let y(t) = 0*t**2 + 5 - 2*t**2 - 1 + 5*t. Let d = 14 - 10. Suppose -d*m - 4*x = -8, 2*x + 4 + 16 = 4*m. Determine y(m).
-8
Let n(r) = -r**3 - r**2 - r + 5. Let o = 5 + -9. Let z be 1/(-6) - o/24. Give n(z).
5
Let k be 6/(5 + -3) - -1. Let m(a) = k - 4*a - a**2 - 1 - 1. What is m(-5)?
-3
Let u(t) = t**2 + 8*t + 9. Let o be u(-7). Let f = 4 - o. Let d(z) = -4*z - z + 1 - f*z. Calculate d(-1).
8
Let h(z) = 3*z**3 - 6*z**2 + 7*z. Let r(i) = i + 3 - 2*i**3 - 2 + 3*i**3. Let v(q) = -h(q) + 2*r(q). Determine v(5).
2
Let f(c) = -11 + 2*c + 26 - 14. Let i = -3 - -6. Suppose -5*b + 30 = 3*k, -3*k + 29 = i*b + k. What is f(b)?
7
Let n(m) be the third derivative of m**6/360 + m**5/60 + m**4/4 + m**2. Let a(w) be the second derivative of n(w). Calculate a(2).
6
Suppose 4 = 6*j - 4*j. Let b(k) = 2 - j + 8*k**3 + 0 + 1. Calculate b(-1).
-7
Let x(u) = u**2 - 1 - 3*u + 1 + 2. Suppose 3*w = 11 + 16. Suppose 4*b - 7 = w. Determine x(b).
6
Let q(d) = -7*d + 0*d + 4*d. Let y be ((-12)/30)/((-4)/10). Calculate q(y).
-3
Let x be (-4)/(-14) - 103/(-7). Suppose -u - 2*u + x = 0. Suppose -u*c - 5*a = -20, -4*c + 15 = -2*a + 5*a. Let z(b) = -b**2 + 6*b - 3. Give z(c).
6
Suppose 0 = -5*g - 2*h + 17, -2 = 3*g + 4*h - 15. Let z be g - (-1)/((-2)/(-4)). Let k(o) = o - o + 5 - 2*o. Calculate k(z).
-5
Let k(s) be the second derivative of -2*s**3/3 - 3*s**2/2 - 2*s. Let i = 18 + -20. What is k(i)?
5
Let d(i) = i**2 + 8*i - 9. Let y be d(-9). Let g be 0 - (y + 3 + -6). Suppose 5*c + g*s = -10, 0*s = -2*c - s - 4. Let j(v) = v**2 + 2*v + 2. Give j(c).
2
Suppose -3*o + 5*t + 13 = 2, 3*o - t = 7. Let q(g) = -o - 1 + 4 - g. Suppose -i = 2*n - 7, -11 = -i - 5*n + 2. Determine q(i).
-2
Let i(g) = -g + 8. Suppose 5*d + 3*z - 28 = 5*z, -4*d = z - 12. Suppose 0 = -0*b - d*b - 4. Let t be (-5 - b)*10/(-8). Give i(t).
3
Let v(n) = n**2 - 4*n. Let i(u) = u. Let k(g) = 7*i(g) + 2*v(g). Calculate k(1).
1
Let p(b) = b**2 - b + 3. Suppose 2*o - 6*w + 20 = -2*w, 4*w + 8 = -5*o. Determine p(o).
23
Let j be (9 - 3)*(-2)/3. Let b(a) = 11*a - 2*a - 5*a**2 + 0 + 7. Let t(v) = -6*v**2 + 10*v + 8. Let y(m) = -7*b(m) + 6*t(m). What is y(j)?
-5
Let z(w) = -w**2 + 2*w - 4. Suppose 13 = 3*b - 8. Suppose 4*g = g + u + b, 2*u - 19 = -5*g. Calculate z(g).
-7
Suppose 4*q - 29 = -5*i, 4*i - 3*q - 2*q = 15. Let m(n) = n**3 - 4*n**2 - 7*n + 2. Give m(i).
-8
Let s be (-6)/4*(5 + -1). Let n be 4/(3*(-2)/s). Let d(x) = 0*x**3 - x**3 - 4*x**2 + 3*x + 7*x**2 + 0*x**3 - 2. Calculate d(n).
-6
Let n(o) be the first derivative of -o**4/2 + o**3/6 - o**2/2 + 3*o + 1. Let t(p) be the first derivative of n(p). Let d(h) = -h + 1. Let u be d(0). Give t(u).
-6
Let d(n) = -31*n + 123. Let w be d(4). Let g(l) = -3*l + 4*l - 2*l. Give g(w).
1
Let f(q) be the second derivative of q**3/3 - 5*q**2 - 14*q. Give f(9).
8
Let c(r) be the first derivative of -2*r**2 + 3*r - 4 + 1/3*r**3. Calculate c(4).
3
Suppose n - 18 = -0*n. Suppose 2*i - 3*z - n = 0, 0*i + z - 2 = -2*i. Let l(s) = s. Give l(i).
3
Let g = -4 - -8. Let d = g + -4. Suppose u + 1 = -d*u. Let y(z) = -6*z**3 + 2*z**2 + z. What is y(u)?
7
Let s(i) be the first derivative of i**2/2 + 18*i - 21. Determine s(-13).
5
Let f(l) = 3*l - 1. Let t(a) = a. Let y(n) = f(n) + 2*t(n). Calculate y(-1).
-6
Suppose -7*x = -3*x. Let z be x + 0 - (-12)/(-3). Let y(v) = -v - 1. Give y(z).
3
Let w = 20 + -14. Let v be w/(-9) + (-33)/(-9). Let f(u) = -u + 1. Give f(v).
-2
Let u(o) = 3*o - 5*o + 5*o + 3. What is u(-5)?
-12
Let x(a) = 13*a**2 + 3 - 8*a**2 + 3*a - a**2 - a**3. Let d(r) = 3*r + 1. Let v be d(1). Suppose -v*y - 7*i + 3*i = -4, -5*i = 20. Give x(y).
-7
Let u(b) = -b**2 - 5*b - 4. Let w be u(-4). Suppose w*f - 6 = -3*f. Let v(k) = -k + 2*k**2 + k**2 - 2*k**f - 2*k**3. What is v(1)?
-2
Let f(a) = -6*a + 0 - 2 + 5*a + 7. Give f(6).
-1
Let w(v) = -v**2 - 6*v - 4. Let m = 8 + -13. Let y be w(m). Let h(p) = 4 + y - 2 - p**3 - p**2 + 0*p**2. What is h(0)?
3
Suppose 0*u + 10 = 2*u. Suppose -a + 3*a + 3*p = -3, 4*p + 4 = u*a. Let b(c) = -2*c - 1 + a - 7 + 1. Give b(-6).
5
Let u = 122 + -119. Let s(a) = 3*a - 2. Determine s(u).
7
Let h(q) = -q**3 - 2 - 1 + 2*q**2 + q - q**2. Let y = -13 - -13. Determine h(y).
-3
Let c(a) be the second derivative of a**5/4 + a**3/6 - 20*a + 2. Calculate c(1).
6
Let s(y) = -y**2 + y + 1. Let h(x) = -x**2 - 12*x - 31. Let v be h(-8). Calculate s(v).
1
Let u(n) = -2*n**2 - 4*n + 1. Let a(w) = -3*w**2 - 5*w. Let z(o) = 3*a(o) - 4*u(o). What is z(0)?
-4
Let g be 2/4 + 2/(20/15). Let c(z) = -3*z**3 + 2*z**2 - 2*z - 1. Calculate c(g).
-21
Let y(p) = 2*p. Suppose 2*n - 4*c + 22 = 5*n, -5*n - 3*c + 22 = 0. Suppose z = 3*r - n*r + 2, 2*r - 4*z + 10 = 0. Give y(r).
2
Let k(b) = -7*b - 3*b**2 + 8*b + 2*b**2 - 12 + 0*b**2. Determine k(0).
-12
Let o(a) = a**3 - 7*a**2 - a + 6. Let l(k) = -2*k + 8. Let r be l(-10). Suppose -3*q = q - r. Give o(q).
-1
Let i(d) be the third derivative of -d**4/12 - d**3/2 - 7*d**2. Let l = 2 + -5. Give i(l).
3
Let i(b) be the first derivative of -b**2 + 9. Calculate i(4).
-8
Let c(v) be the second derivative of -v**3/6 + v. Let y = -14 + 23. Suppose -3*l = -3*a + y, 4*l - 2*a + 5 = 3*l. Give c(l).
1
Suppose -c = -3 - 0. Suppose 0 = 3*f - c*t - 12 + 27, 0 = 5*f + 2*t - 3. Let j(k) = -k - 1. Let i(o) = o + 4. Let y(l) = -i(l) - 3*j(l). Calculate y(f).
-3
Let w(b) = 5*b + 1. Suppose 6*s - 3*s + 4*l - 7 = 0, -3*l = 4*s. Give w(s).
-14
Let d = 38 - 38. Let q(p) = -p**3 - p + 3. Determine q(d).
3
Suppose 2*d + 5*y = -2*d + 44, 0 = 4*d - 4*y - 8. Let z(x) be the second derivative of x**3/6 - x**2 - x. Calculate z(d).
4
Let x(y) = 4*y. Let b be -5*(-7)/(70/(-4)). What is x(b)?
-8
Let j(v) be the second derivative of -v**4/12 + v**3/6 - v**2/2 + 32*v. Let f be -2 - -3 - (-4)/2. Give j(f).
-7
Suppose -6 = 2*s - 2*n, 3*n + 6 = -0*n. Let q(f) be the first derivative of f**2/2 - f - 16. What is q(s)?
-6
Let i(s) = -s**2 - 2. Let m(r) = -r**2 - 3. Let v(c) = -5*i(c) + 4*m(c). Determine v(0).
-2
Let h(v) = 127 + 6*v**2 - 132 + 4*v + v**3 - 2*v**3 + 6*v. Calculate h(7).
16
Let x be (-45)/(-6)*(-2)/(-3). Suppose 3*p + 6 = x*m, -5 = 4*p - m + 3. Let v(q) = -2*q. Let s(j) = 1. Let u(f) = s(f) - v(f). Give u(p).
-3
Suppose p = -2*y - 2*p + 1, 2*y = -p + 3. Suppose -4*d - 16 = 0, b + 3*d + 2 = -8. Let h(a) = 0*a**2 + 2*a + 0 + a**b - 3. Calculate h(y).
5
Let c(g) be the first derivative of -g**3/3 + g**2/2 + 4*g + 3. Let s be c(0). Let k(i) = -i**2 + 4*i + 1. What is k(s)?
1
Let q(h) be the third derivative of h**7/5040 - 7*h**6/720 - h**5/20 - 3*h**2. Let c(p) be the third derivative of q(p). Give c(6).
-1
Let t(v) = -56*v**3 + 2 - 7*v + 57*v**3 + 0 + 3*v**2 - 3. Suppose 0 = -h + 2*h + 5, -2*i - 5 = -h. Give t(i).
-16
Let g = -2 - -3. Let a(b) = -b**2 - b - g + 6 + 0. Let p(k) = k**2 + 7*k + 2. Let u be p(-6). Give a(u).
-7
Let n(f) = -f - 1. Suppose -2*q = -0*q - 10. Suppose 2*a + 6*d + q = 3*d, 2*d = 4*a + 18. Let v be (-1)/1 - (0 - a). Give n(v).
4
Let x = 8 + -7. Let f(c) = -1. Let r(l) = 3. Let w(n) = -11*f(n) - 4*r(n). Let o(u) = 2*u**2 + 2*u - 1. Let a(j) = x*w(j) - o(j). Calculate a(2).
-12
Let v(t) = -4 + 14 - 18*t**2 - t - 5 - 4. Calculate v(1).
-18
Suppose -2*k + 5 = -11. Let h(m) = m**2 - 8*m + 5. Determine h(k).
5
Let a(l) be the first derivative of 0*l + 1/2*l**2 + 6 + 3*l**3. Calculate a(-1).
8
Let c(b) = 2*b**3 - 4*b**2 - 3*b + 1. Let y(p) = -p**3 + 5*p**2 + 4*p - 1. Let a(v) = -2*c(v) - 3*y(v). Suppose 7*d + 18 = 4*d. What is a(d)?
1
Suppose 2*p + 0 = 6. Let a(o) be the third derivative of -1/12*o**4 + 1/30*o**